d**2 - 21*d - 162. What is the tens digit of s(-9)?
4
Let l(h) = 3072*h - 1017. What is the hundreds digit of l(10)?
7
Let i(z) = -11*z + 16. Let b be i(2). Let m be (18/6)/(b/(-4)). Suppose 0 = -3*x - m*x + 670. What is the tens digit of x?
3
Let c(v) be the first derivative of -v**2/2 + 143*v - 219. What is the tens digit of c(24)?
1
Suppose -7*b + 13599 + 24771 = 3*k, -3*b = -2*k + 25580. What is the thousands digit of k?
2
Let x(c) = c**2 + 6*c - 89. Let a be x(7). Suppose -a*f + 2*d = -814, -2 = 4*d - 18. What is the hundreds digit of f?
4
Let g(a) = -7*a**2 - 28*a + 24. Let w(n) = -8*n**2 - 29*n + 23. Let p(y) = -4*g(y) + 3*w(y). What is the hundreds digit of p(-13)?
3
Let g(f) = 5*f + 29. Let c be 12 + 16/4 + -2. Let b be g(c). Let i = b - 24. What is the units digit of i?
5
Let h be 96/9 - 4/6 - -1. Suppose -5*k + h*k = 2052. What is the hundreds digit of k?
3
Suppose -35*r + 154*r - 389725 = 0. What is the units digit of r?
5
Suppose -703*g - 2063040 = -767*g. What is the thousands digit of g?
2
Let s(t) = -3*t**3 - 41*t**2 + 6*t - 43. What is the tens digit of s(-19)?
1
Let s be (-2 + 6/5)*1730/(-4). Suppose -112 = 6*a - s. Let f = a - 5. What is the units digit of f?
4
Let r = -449 - -452. What is the hundreds digit of ((-162)/45)/(r/(-470))?
5
Let v be (-1)/(-4)*(2 - -16 - -2). Suppose v*t + 150 = -5*y, 0 = -5*y + y. What is the units digit of ((-48)/(-9))/(-2 - 64/t)?
0
Suppose -2*n + 10 = 22, -n = -5*l + 50446. What is the ten thousands digit of l?
1
Suppose -21*b + 14*b = 0. Suppose b = 5*s + 4*r - 75, -4*s + 5*r - r + 60 = 0. Suppose s*j = 12*j + 39. What is the tens digit of j?
1
Let b(x) be the second derivative of x**5/20 - 5*x**4/12 - 4*x**3/3 + 17*x**2/2 - 7*x. Let f be b(6). What is the units digit of 3/f - 627/(-55)?
2
Suppose 10*t - 102383 = -5*g + 14*t, 4*t - 61417 = -3*g. What is the units digit of g?
5
Let o(a) be the second derivative of a**6/120 - a**5/15 + a**4/8 + 3*a**2 + 2*a. Let b(l) be the first derivative of o(l). What is the units digit of b(6)?
0
Suppose -3 = 3*j, 2 = 4*t - 3*t + 2*j. Suppose -17*z + 13780 = -t*z. What is the tens digit of z?
6
Let t(p) = p**3 + 10*p**2 - 22*p - 1. Let i be t(-11). Let w be (i/25)/((-12)/(-40)). Suppose -w*r + 6*r + 1910 = 0. What is the tens digit of r?
9
Let b(v) = 5*v + 37. Let n be b(-8). Let i be (n - (344 - -2))/(-1). Let h = i - 213. What is the hundreds digit of h?
1
Let j(w) = -1088*w - 137. What is the ten thousands digit of j(-10)?
1
Let g(i) = -6811*i + 119. What is the thousands digit of g(-3)?
0
Let s = -20406 - -25449. What is the hundreds digit of s?
0
Let v = 86 + 3313. What is the tens digit of v?
9
Let j be 0*(5/(-3) + 2). Suppose h + 4*h = j. What is the tens digit of 0 - h - (-121 + 1)?
2
Suppose 16 = 7*r - 3*r. Suppose 6*a = -0*a + 2*a. Let i = r + a. What is the units digit of i?
4
Let c = 31252 + 14644. What is the tens digit of c?
9
Let f = -50 + 41. What is the hundreds digit of 19/f + 2 - (-1234)/9?
1
Suppose h + 2*o - 10 - 1 = 0, 1 = -h + 4*o. Let q(j) = 167*j - 231. What is the tens digit of q(h)?
3
Let a(j) = 163*j - 30. Let h be a(6). Suppose -3*m + h = 2*m - k, 4*m - 762 = -k. What is the tens digit of m?
9
Let a = -2 + -47. Let p be 4 - ((-1 - (2 - 2)) + a). What is the hundreds digit of (-36)/(((-12)/p)/1)?
1
Let b = 58 + -7. Let m = -48 + b. Suppose 3*o - 366 = m*p, -o - 124 = -2*o - p. What is the hundreds digit of o?
1
Let m be (-40)/(-2) + -6*(-6)/(-12). Let v(o) = -2*o + 8. Let t be v(m). What is the tens digit of (t/6)/(4/(-12))?
1
Suppose 4*k + 2557 = -5*l, 8*k + 1914 = 5*k - 3*l. Let i = -302 - k. Suppose -4*p + 4*g = -692, 3*p - 194 = 5*g + i. What is the tens digit of p?
7
Let k be (-8 + -8 - -14)/((-4)/6). Suppose k*c - 2681 = -t, 3908 + 565 = 5*c - 3*t. What is the hundreds digit of c?
8
Suppose 2*o + 837 + 411 = 0. What is the units digit of (993/(-4))/(117/o)?
4
Suppose -q + 386 = -3*k, -q + 372 = -0*q + 4*k. Let t = 773 - q. Suppose c - 19 + 432 = 2*u, 2*u - 5*c - t = 0. What is the tens digit of u?
0
Let g = -281 - -286. Suppose -g*u = 2*n - 1176 - 2132, 2*u + 2*n - 1322 = 0. What is the units digit of u?
2
Suppose -13*k + 37027 + 55047 = 14685. What is the hundreds digit of k?
9
Let r = 36840 + -1384. What is the hundreds digit of r?
4
Let b = 323 - 242. Let x = b - -62. What is the tens digit of x?
4
Let d(u) = 3*u**2 - 87*u + 80. Let n be d(28). Let x(k) = -2 + 2*k**2 + 4 + k**2. What is the units digit of x(n)?
0
Let p(x) = -3*x**3 - 5*x**2 + 2*x - 28. Suppose -8*y - 45 - 11 = 0. What is the units digit of p(y)?
2
Let q(c) = 952*c + 8303. What is the ten thousands digit of q(36)?
4
Let c(l) = -2317*l - 2425. What is the units digit of c(-4)?
3
Suppose 5*f = -g + 20, -3*f - 5*g = -13 + 1. Let j(q) = q**2 - q - 8. Let i be j(f). Suppose 3*r + 199 = 2*b, -5*r = i*b - b - 270. What is the tens digit of b?
9
Let p be 588/(-5) - (-10)/(-25). Suppose -1116 = -3*k - 441. Let i = p + k. What is the units digit of i?
7
Let c(f) = -11078*f - 981. What is the ten thousands digit of c(-1)?
1
Suppose -7*m + 22046 = -3826. Suppose -2*t - 10*t + m = 0. What is the hundreds digit of t?
3
What is the units digit of -6 + ((-4)/(-8))/((-2)/(-70808))?
6
Suppose -297*p + 582363 + 1102815 = 0. What is the units digit of p?
4
Let s = 39 + 0. Let v = s + -2. Suppose t - v = 5*w, 77 = 3*t - w + 8. What is the units digit of t?
2
What is the units digit of 3/(-6)*(-13027 - (-5 + -2))?
0
Let p = 23515 + -2792. What is the ten thousands digit of p?
2
Suppose 24*d - 14*d - 30 = 0. Suppose -5*w + d*a = -5202, 2*w - 910 = 3*a + 1169. What is the tens digit of w?
4
Let u(n) = -n**3 - 8*n**2 - 11*n - 22. Let w be u(-7). Let l(m) = 4*m**2 + 15*m - 11. What is the tens digit of l(w)?
2
Let z be ((-2)/4)/((-13)/65)*-12. Let x = z - 239. Let j = -173 - x. What is the tens digit of j?
9
Let s be 1/(((-2)/(-20))/((-8)/(-16))). Suppose 1622 = -d + 4*d - s*b, -4*b + 1586 = 3*d. What is the tens digit of d?
3
Suppose -26*a = -614607 + 27813. What is the ten thousands digit of a?
2
Suppose -46*k + 179170 = -43452 - 672584. What is the ten thousands digit of k?
1
Suppose -30*h + 25*h = -3*c - 67075, -2*c = -3*h + 40245. What is the ten thousands digit of h?
1
Suppose -433 - 775 = -4*n. Suppose 7*c + 26 = -1388. Let u = n + c. What is the tens digit of u?
0
Let d(x) = 5 + 2*x**2 - 14*x + 5*x**2 + 10*x - 6*x**2. Let o be d(3). Suppose -4*j - q + 56 = -3*q, -o*j + 44 = -5*q. What is the tens digit of j?
1
Let r = -210 - -214. Suppose -3*s - 5*u + 2805 = 0, r*s - 1870 = 2*s + u. What is the tens digit of s?
3
Let z be (-11295)/27*(-2 + -2 + 1). Suppose -w = -d - 6*w + 1234, d = 2*w + z. What is the hundreds digit of d?
2
What is the ten thousands digit of (3936/(-80))/(-6 + (-8037)/(-1340))?
2
Let x(k) = -k**3 + 21*k**2 - 2*k + 47. Let b be x(20). Suppose 0*o - o = 3, 4*o = z - b. What is the units digit of z?
5
Suppose -h - 11 = -4*i - 35, h - 29 = 5*i. Suppose d = -0*d + h*t + 529, -2*t + 2 = 0. What is the hundreds digit of d?
5
Let c(p) = p + 22. Let f be c(-8). Let b = f + 4. What is the tens digit of 109 + (-11)/13 + b/(-117)?
0
Let s(v) = 8*v**2 + 4*v - 59. Let o = 122 + -117. What is the hundreds digit of s(o)?
1
Suppose 10 = -2*g + g. What is the hundreds digit of 6/g - (-16368)/80?
2
Let z be ((-12)/3)/(-1) - 0. What is the tens digit of (z - 12)/((-1)/2)?
1
Let b be 0/((1/(-1))/1). Suppose 726*l - 132 = 693*l. Suppose -l*y - 2*n + 5*n + 120 = b, -4*y - 4*n = -120. What is the units digit of y?
0
Suppose -102 = 31*g - 133. Let w(s) = 367*s + 2. What is the tens digit of w(g)?
6
Suppose 0 = -6*i + 5*i + 3*v + 8650, -4*v - 17316 = -2*i. What is the tens digit of i?
7
What is the hundreds digit of 58/551 - (-215342)/38?
6
Let h = -2210 - -28868. What is the tens digit of h?
5
What is the ten thousands digit of 602900/55 - (-20)/110?
1
Let b = 49 + -21. Suppose -b = 2*x + 4*a, -2*a - a = -2*x + 7. What is the units digit of (-6)/x + 6 + (-213)/(-6)?
3
Let f(i) = 6*i - 90. Let a be f(15). Suppose a = -5*p - 10, 15*g + p = 16*g - 456. What is the hundreds digit of g?
4
Let a(k) = 46*k - 15. Suppose 2*w + 2*d - 8 = 0, -d + 10 = w + 3*d. Suppose -w*q + 18 = 4*q. What is the units digit of a(q)?
3
Let b = 16 - -6. Let a = b - 18. What is the units digit of (-270